/2. Give i(j).
-4
Let c(i) = -i**3 - 5*i**2 + 3*i + 4. Suppose -3*b = -2*b + 5. Let p be -2 + (-1 + b)/(-3). Suppose -22 = -z - 5*g, -4*z - 2*g + 0 - 2 = p. Give c(z).
-23
Let l(g) be the third derivative of g**5/60 - 11*g**4/8 + 65*g**3/6 - 8*g**2 + 7*g. Calculate l(31).
3
Let f(j) = j**2 + 4 - 4 - 8*j - 5 - 22 - j. What is f(12)?
9
Let q(m) be the first derivative of m**3/3 + 22*m**2 - 599*m + 8879. Give q(-55).
6
Let i(k) = -6*k**2 - 7. Let p(b) = 5*b**2 + b + 6. Let m(o) = 4*i(o) + 5*p(o). Let y be 17/(17/(-18)) + 2/1. Let h be (y + 11)/(0 - -1). Determine m(h).
2
Let v(l) = 36*l + 3. Suppose -41*m + 208 = 63*m. Calculate v(m).
75
Let b(x) = 1 - 4*x + 3*x - 8*x. Let n(j) = -j**2 - 177*j - 349. Let z be n(-2). Calculate b(z).
-8
Let h(v) be the third derivative of v**6/40 + v**5/30 + v**4/8 + v**3/2 - 6*v**2 + 2*v + 28. Let p = 4 - 6. Determine h(p).
-19
Let i(r) be the third derivative of r**5/30 - r**4/24 - 25*r**3/3 + 183*r**2 - r - 4. Calculate i(-5).
5
Let r(z) be the second derivative of -z**5/20 + z**4/2 + 17*z**3/6 - 11*z**2/2 + 40*z - 11. Give r(8).
-3
Let o(r) = r**3 + 8*r**2 + 8*r - 6. Let v = -101 + 129. Let h be 1/((4/v + 0)*-1). Calculate o(h).
-13
Let s(w) = -w**3 - 4*w**2 + 7*w + 3. Let k = 146 + -161. Let g be (k/6)/(1/2). What is s(g)?
-7
Let w(y) = 11 - 62 + 68*y**2 - 67*y**2 + 10 + y - 2*y. Give w(7).
1
Let a(v) = -v**3 - 19*v**2 - 14*v + 98. Let l(u) = -u**2 - u + 7. Let h(k) = a(k) - 14*l(k). Calculate h(-6).
36
Let n(b) = b**3 - 6*b**2 + b - 8. Let k = -19 + 213. Let l = 200 - k. Determine n(l).
-2
Let x(c) = 1621*c - 1624*c - 16 - 2 - 10. What is x(-5)?
-13
Let q be 393/(0 - 3) - (-6 - -2). Let i = q + 130. Let m(w) = 2*w. Give m(i).
6
Let t = -386 - -547. Let n(x) = -x**2 + 154*x + 3 - 4 - t*x. Suppose -g - 2*g = 24. What is n(g)?
-9
Suppose 0 = 62*m - 57*m + 3*q - 80, -2*m + q + 21 = 0. Let v(h) = -h**2 + 10*h - 15. Calculate v(m).
-54
Let t(c) = -c**2 + 75*c + 49893. Let l be t(264). Let w(i) be the third derivative of -i**6/120 - i**5/15 - i**4/12 + i**3/3 - i**2. Give w(l).
-1
Let b(m) = 2*m - 1. Let q(j) be the first derivative of j**3/3 - j**2 + 6*j - 20. Let r(p) = -5*b(p) - q(p). Calculate r(-7).
6
Let n(c) = c - 20. Let w = -227 + 241. Let m be n(w). Let u(a) = a**2 - 1. Let l(p) = 7*p + 1. Let q(z) = l(z) + u(z). What is q(m)?
-6
Let w(i) = 46*i. Let c be w(-1). Let k = -44 - c. Let o(n) = 4*n**3 - 2*n**3 + 8 - 4 - 6. Determine o(k).
14
Suppose -10*m - 23 - 47 = 0. Let o(b) be the second derivative of b**3/3 - 4*b**2 - 22*b. Determine o(m).
-22
Let o(l) be the first derivative of -31*l**2/2 + 56*l - 3809. Determine o(2).
-6
Let z(y) = 40*y + 5. Suppose 7*j = -7, 2*j - 384 + 377 = 3*k. Give z(k).
-115
Let v(p) = p**3 + 14*p**2 - 17*p - 31. Let h be 1 - ((3 - -5) + 200/25). Calculate v(h).
-1
Let n(v) = v**3 - 15*v**2 + 46*v - 4. Let a be n(4). Let c(h) = -12*h + 51. Let o be c(a). Let k(x) = 3*x**3 - 4*x**2 + 4. Calculate k(o).
49
Let z(m) = m - 15. Let a(s) = s**2 + 55*s - 208. Let d(b) = a(b) - 2*z(b). Calculate d(-56).
-10
Suppose 5*q = 5*o - 175 - 5, 3*o - 2*q - 108 = 0. Let a be 44/(-77) - o/(-14). Let u(w) = 0*w + w + 2*w**2 - w**2 - 2. Calculate u(a).
4
Let a(g) = g**3 - 2*g**2 - 3*g - 1. Suppose 5 = -2*p - 3*v, 2*p - 5*p - 3*v - 3 = 0. Let j be 6 - (-3)/p*(-8)/(-6). Suppose -1 = -3*m + j. Calculate a(m).
-1
Let s(i) be the second derivative of 5*i**3/2 - 112*i - 6. Determine s(4).
60
Let q(a) = a**2 + 7*a - 1. Let k be (-3)/(1*(-9)/(-12)). Let v(c) = -c**3 - 3*c**2 + c - 6. Let o be v(k). Suppose 7*d + 48 = o. What is q(d)?
-7
Let w(i) = 64 + 0*i + 28 + i - 28*i**2 - 99. What is w(2)?
-117
Let m(c) = -c**3 - 7*c**2 - c - 16. Suppose -5*d - 3127 = 17*d - 2973. Determine m(d).
-9
Let z(t) = -t**3 - 8*t**2 - 10*t - 10. Suppose x + 283 = -2*k - 0*x, 2*k - x = -281. Let v = 134 + k. What is z(v)?
11
Let r(o) = 10*o**3 - 36*o**2 + 17*o - 44. Let f(j) = 3*j**3 - 9*j**2 + 6*j - 14. Let x(y) = -7*f(y) + 2*r(y). Give x(-7).
-32
Let d be 294/(-84) - 1/(-2). Let c(a) = 8*a**2 + 2*a - 5. Let u(v) = 11*v**2 + 3*v - 5. Let r(b) = d*u(b) + 4*c(b). Give r(4).
-25
Let h(b) = 4*b + 20. Suppose 0*k - 98 = -3*c + k, 4*c = -3*k + 135. Let s be 1/(-4) + c/(-44)*9. Determine h(s).
-8
Let l be (36/(-6) - -375) + 6. Let n be (-1 + -1)/((-75)/l). Let m(g) = g**3 - 11*g**2 + 12*g + 9. Give m(n).
29
Let o(b) = -5*b**3 - 3*b**2 + 8*b. Let w(c) = -5*c**3 - 4*c**2 + 10*c. Let i(x) = 5*o(x) - 4*w(x). Let l = -3 - -2. Determine i(l).
6
Let c be ((-8)/(-6))/((-7)/(-19005)*-5). Let d = -729 - c. Let k(b) = -3*b**2 + 7*b + 7. Let g(h) = -5*h**2 + 11*h + 11. Let l(n) = -5*g(n) + 8*k(n). Give l(d).
21
Let q(g) = g**3 - 9*g**2 - 15*g + 140. Let d be q(9). Let b(z) = 4*z - 21. What is b(d)?
-1
Let o(n) = 3039*n - 121 + 3006*n - 6059*n. Calculate o(-8).
-9
Let q(u) = u - 7. Let a be q(9). Let z = 4 + a. Let v(d) = 42*d + 36*d - z - 80*d. Give v(-4).
2
Let o(z) = -z**2 - z + 3. Suppose 170 = v - 5*v + 3*c, -3*v = 2*c + 136. Let m = v - -44. Suppose 2*n + 5 = -r - 4*r, m = -4*n + 3*r + 3. What is o(n)?
3
Let w(t) = -1040*t**3 + 1041*t**3 - 4 + 140 + 2*t. What is w(0)?
136
Suppose -2640 = 248*x - 380*x. Let u(f) be the third derivative of 0*f + 1/20*f**5 + 0 + 1/120*f**6 + x*f**2 - 1/24*f**4 + 5/6*f**3. What is u(-4)?
-7
Let a(r) = -r + 37. Let v(p) = p**3 + 11*p**2 - 25*p + 19. Let n be v(-13). Let i be -1 + (-18)/(-22) - n/(-33). Give a(i).
37
Let o = -2 + 8. Let y(x) be the first derivative of -x**6/360 + 7*x**5/120 + x**4/6 - 11*x**3/3 - 14. Let l(g) be the third derivative of y(g). Determine l(o).
10
Let w(b) be the third derivative of -2*b**2 + 0*b**3 - 1/60*b**5 + 30*b + 7/24*b**4 + 0. Let v = -4 - -10. Calculate w(v).
6
Let k(c) = -1. Let y be 1/((-27)/(-6) + -4) - -2. Let x(t) = -5*t - 5. Let o(s) = y*k(s) - x(s). Calculate o(1).
6
Let o(t) = 2*t**2 - 85*t + 751. Let p be o(30). Let c(y) = 113*y**2 + 3*y - 2. Give c(p).
114
Suppose -30 = 3*j - o, 4*j - 428*o + 423*o = -62. Let i(c) = c**2 + 13*c + 9. Give i(j).
-31
Let h(z) be the first derivative of -z**4/4 + z**3/3 + 3*z**2/2 - 14. Suppose 5*i + 8 = 123*b - 124*b, -i - 1 = 0. Calculate h(b).
27
Let r(w) be the first derivative of -w**6/120 + w**5/60 + 29*w**3/6 - w**2 + 20*w - 91. Let d(z) be the second derivative of r(z). Give d(0).
29
Let r(t) be the first derivative of -t**3/3 + 4*t**2 + 21*t + 1627. What is r(10)?
1
Suppose -26 = 4*m + 10. Let b(s) = -99*s**2 + 30*s**2 + 3*s + 37*s**2 + 6*s + 5 + 33*s**2. Give b(m).
5
Let d(c) = -9*c**2 - c - 1. Let h(o) be the third derivative of o**6/120 + o**3/6 - 9*o**2. Let m be h(1). Suppose 0 = 2*p - 4*p - m. What is d(p)?
-9
Suppose -m + 63 = 2*c, -10*m = -11*m + 4*c + 57. Let r = -49 + m. Let f(z) = z - 24. Determine f(r).
-12
Let r(l) = l**2 + 4*l - 28. Suppose -76 + 132 = -79*s - 260. Give r(s).
-28
Let i be 168/28 - (1 + 3). Suppose 0 = -4*l + x + 1, -i*x + 2 + 8 = 4*l. Let o(v) = 0*v**2 + v**2 + 2*v - v + 15*v**3 - 2*v**2. Determine o(l).
15
Let l(s) = -31*s**2 - 47*s - 148. Let i(p) = 18*p**2 + 24*p + 74. Let c(n) = 7*i(n) + 4*l(n). Give c(13).
4
Let k be (-1)/6 + 92/(-24). Let m(p) be the second derivative of p**3/3 + 3*p**2 - 2*p - 123. Give m(k).
-2
Let k(q) = q**3 - 5*q**2 + 3*q + 3. Suppose 15*n - 13*n = -2*b + 14, -3*n + 27 = -3*b. Suppose -4*s + 1 = -r - n, -18 = -r - 5*s. Give k(r).
-6
Let f(x) = -x**2 + 21*x - 40. Let p be f(18). Let j be 8/p + 40/28. Let h(m) = -6*m + 10*m - 10 + j. Determine h(6).
16
Let b be ((-171)/114)/((-2)/(-20))*2/6. Let h(c) = 3*c + 66. Determine h(b).
51
Let d(h) = -25 + 669*h**2 - 1330*h**2 + 652*h**2 - 84*h. Give d(-9).
2
Let o be -14 - (1/(-8) - (-42)/(-48)). Let z(j) = -4*j + 33. Let c(h) = -2*h + 2. Let f(x) = 3*c(x) - z(x). What is f(o)?
-1
Let l = 17 - 16. Let t be (-3)/((-3)/3) + 1 + l. Let x(h) = t*h - 3 - h - 4*h + h. What is x(7)?
4
Let k(c) = c**2 + 7 + 5*c**2 - 13*c**2 + 7*c**2 + c**3. Let z be (-5)/(-10)*(0 + 1 + -1). Give k(z).
7
Let v(q) = q**2 - 17*q + 10. Let a(w) = -w**3 - 11*w**2 - 35*w - 14. Suppose 0 = 2*t - 2*g + 4, 4*t - 2*g + 0 + 16 = 0. Let s be a(t). Determine v(s).
-6
Let p = 47 - 6. Let i = 42 - p. Let c(h) = -2*h + 704*h**2 - 2 - 8*h**3 + 3 - 703*h**2. Give c(i).
-8
Suppose -6 - 26 = -16*g. Let s(q) = 6*q**g + 6*q - 7*q + q - 6*q**3 - 7*q**2. Determine s(1).
-7
